{"id":27,"date":"2023-01-20T21:31:05","date_gmt":"2023-01-20T21:31:05","guid":{"rendered":"https:\/\/loewenzahn.support\/?page_id=27"},"modified":"2023-01-21T15:52:55","modified_gmt":"2023-01-21T15:52:55","slug":"ueber-uns","status":"publish","type":"page","link":"https:\/\/loewenzahn.support\/?page_id=27","title":{"rendered":"Satzung"},"content":{"rendered":"\n<p><strong>\u00a7 1&nbsp;&nbsp;&nbsp;&nbsp;&nbsp;&nbsp; Name und Sitz<\/strong><\/p>\n\n\n\n<p>(1) Der Verein f\u00fchrt den Namen \u201eF\u00f6rderverein der KiTa L\u00f6wenzahn Altenstadt\u201c. Er soll in das Vereinsregister eingetragen werden und f\u00fchrt danach den Zusatz \u201ee.V.\u201c<\/p>\n\n\n\n<p>(2) Der Sitz des Vereins ist Altenstadt (Hessen).<\/p>\n\n\n\n<p><strong>\u00a7 2&nbsp;&nbsp;&nbsp;&nbsp;&nbsp;&nbsp; Gesch\u00e4ftsjahr<\/strong><\/p>\n\n\n\n<p>(1) Das Gesch\u00e4ftsjahr ist das Kalenderjahr.<\/p>\n\n\n\n<p><strong>\u00a7 3&nbsp;&nbsp;&nbsp;&nbsp;&nbsp;&nbsp; Zweck des Vereins<\/strong><\/p>\n\n\n\n<p>(1) Der Verein dient der F\u00f6rderung der Jugendhilfe in der Kindertagesst\u00e4tte L\u00f6wenzahn im Altenst\u00e4dter Ortsteil Oberau. Er setzt sich weiterhin f\u00fcr den dauerhaften Erhalt der Kindertagesst\u00e4tte ein. Die dem Verein zu diesem Zweck zuflie\u00dfenden Spenden und Beitr\u00e4ge sind kein Ersatz f\u00fcr die durch das Budget des Tr\u00e4gers der Kindertagesst\u00e4tte aufzubringenden Mittel. Es wird vielmehr der dar\u00fcber hinausgehende Bedarf f\u00fcr die Zweckerreichung des F\u00f6rdervereins gedeckt.<\/p>\n\n\n\n<p>(2) Der Satzungszweck wird insbesondere verwirklicht durch:<\/p>\n\n\n\n<ol type=\"a\">\n<li>Anschaffung von Spielen und Spielger\u00e4ten,<\/li>\n\n\n\n<li>Gew\u00e4hrung von Beihilfen zu gemeinschaftlichen Unternehmungen, wie Ausfl\u00fcge und Besuch von kulturellen Einrichtungen,<\/li>\n\n\n\n<li>Beschaffung von Bastelmaterial,<\/li>\n\n\n\n<li>F\u00f6rderung von Projekten in der Elementarerziehung.<\/li>\n<\/ol>\n\n\n\n<p>(3) Der F\u00f6rderverein verfolgt ausschlie\u00dflich und unmittelbar gemeinn\u00fctzige Zwecke im Sinne des Abschnitts \u201eSteuerbeg\u00fcnstige Zwecke\u201c der Abgabenordnung.<\/p>\n\n\n\n<p><strong>\u00a7 4&nbsp;&nbsp;&nbsp;&nbsp;&nbsp;&nbsp; Selbstlose T\u00e4tigkeit<\/strong><\/p>\n\n\n\n<p>(1) Der Verein ist selbstlos t\u00e4tig. Er verfolgt nicht in erster Linie eigenwirtschaftliche Zwecke.<\/p>\n\n\n\n<p><strong>\u00a7 5&nbsp;&nbsp;&nbsp;&nbsp;&nbsp;&nbsp; Mittelverwendung<\/strong><\/p>\n\n\n\n<p>(1) Die Vereinsmittel d\u00fcrfen nur f\u00fcr die satzungsm\u00e4\u00dfigen Zwecke verwendet werden. Die Mitglieder erhalten keine Zuwendungen aus Mitteln des Vereins.<\/p>\n\n\n\n<p><strong>\u00a7 6&nbsp;&nbsp;&nbsp;&nbsp;&nbsp;&nbsp; Verbot von Beg\u00fcnstigungen<\/strong><\/p>\n\n\n\n<p>(1) Es darf keine Person durch Ausgaben, die dem Zweck des Vereins fremd sind, oder durch unverh\u00e4ltnism\u00e4\u00dfig hohe Verg\u00fctungen beg\u00fcnstigt werden.<\/p>\n\n\n\n<p><strong>\u00a7 7&nbsp;&nbsp;&nbsp;&nbsp;&nbsp;&nbsp; Mitgliedschaft<\/strong><\/p>\n\n\n\n<p>(1) Mitglied des Vereins kann jede nat\u00fcrliche Person nach Vollendung des 18. Lebensjahres oder jede juristische Person werden.<\/p>\n\n\n\n<p>(2) Die Aufnahme als Mitglied des Vereins wird mit formeller Erkl\u00e4rung (Formular zur Beitrittserkl\u00e4rung) beantragt und vom Vorstand entschieden. Bei einer Ablehnung kann Einspruch bei der Mitgliederversammlung eingelegt werden.<\/p>\n\n\n\n<p>(3) Jedes Vorstandsmitglied hat das Vorschlagsrecht f\u00fcr Ehrenmitglieder. Ehrenmitglieder k\u00f6nnen nat\u00fcrliche oder juristische Personen sein, die sich um die F\u00f6rderung der Kindertagesst\u00e4tte verdient gemacht haben. Eine 2\/3 Mehrheit des Vorstandes reicht zur Ernennung aus. Ehrenmitglieder m\u00fcssen keinen Mitgliedsbeitrag zahlen. Sie verf\u00fcgen \u00fcber alle Rechte ordentlicher Vereinsmitglieder.<\/p>\n\n\n\n<p>(4) Die Mitgliedschaft erlischt:<\/p>\n\n\n\n<ol type=\"a\">\n<li>durch Austritt. Der Austritt ist zum Schluss eines Gesch\u00e4ftsjahres unter Einhaltung einer K\u00fcndigungsfrist von einem Monat m\u00f6glich. Die K\u00fcndigung muss schriftlich an den Vorstand erfolgen.<\/li>\n\n\n\n<li>durch Tod von nat\u00fcrlichen Personen und die Aufl\u00f6sung von juristischen Personen.<\/li>\n\n\n\n<li>durch Ausschluss. Bei Vorliegen eines wichtigen Grundes (z.B. R\u00fcckstand bei der Zahlung der Mitgliedsbeitr\u00e4ge) kann der Vorstand mit einfacher Mehrheit den Ausschluss eines Mitglieds beschlie\u00dfen. Es kann Einspruch gegen den Beschluss bei der Mitgliederversammlung eingelegt werden.<\/li>\n<\/ol>\n\n\n\n<p><strong>\u00a7 8 &nbsp;&nbsp;&nbsp;&nbsp;&nbsp; Finanzierung<\/strong><\/p>\n\n\n\n<p>(1) Der Verein kann zur Realisierung der Satzungszwecke und zur Deckung der anfallenden Kosten Beitr\u00e4ge, Umlagen oder Kursgeb\u00fchren erheben sowie Spenden entgegennehmen.<\/p>\n\n\n\n<p>(2) Die H\u00f6he der Mitgliedsbeitr\u00e4ge und deren F\u00e4lligkeit beschlie\u00dft die Mitgliederversammlung in einer Beitragsordnung.<\/p>\n\n\n\n<p><strong>\u00a7 9 &nbsp;&nbsp;&nbsp;&nbsp;&nbsp; Organe des Vereins<\/strong><\/p>\n\n\n\n<p>(1) Organe des Vereins sind die Mitgliederversammlung und der Vorstand.<\/p>\n\n\n\n<p><strong>\u00a7 10 &nbsp;&nbsp;&nbsp; Mitgliederversammlung<\/strong><\/p>\n\n\n\n<p>(1) Die ordentliche Mitgliederversammlung findet einmal im Jahr innerhalb des 1. Quartals statt. Die Einladung zur Mitgliederversammlung erfolgt sp\u00e4testens einen Monat vor dem Versammlungstermin schriftlich durch den Vorstand. Die Tagesordnung ist beizuf\u00fcgen.<\/p>\n\n\n\n<p>(2) Der Beschlussfassung der Mitgliederversammlung sind insbesondere vorbehalten:<\/p>\n\n\n\n<ol type=\"a\">\n<li>Wahl des Vorstandes<\/li>\n\n\n\n<li>Satzungs\u00e4nderungen<\/li>\n\n\n\n<li>Entlastung des Vorstandes<\/li>\n\n\n\n<li>Aufl\u00f6sung des Vereins<\/li>\n\n\n\n<li>H\u00f6he und F\u00e4lligkeit der Mitgliedsbeitr\u00e4ge<\/li>\n<\/ol>\n\n\n\n<p>(3) Bei dringenden Anl\u00e4ssen kann der Vorstand eine au\u00dferordentliche Mitgliederversammlung einberufen. Das gleiche gilt, wenn 20 % der Mitglieder schriftlich unter Angabe von Gr\u00fcnden beim Vorstand eine Mitgliederversammlung beantragen oder wenn es das Interesse des Vereins fordert.<\/p>\n\n\n\n<p>(4) Jedes Mitglied hat eine Stimme. Die Beschl\u00fcsse werden mit einfacher Mehrheit gefasst. Bei Stimmengleichheit entscheidet die Stimme des Vorsitzenden. F\u00fcr Satzungs\u00e4nderungen und f\u00fcr den Beschluss, den Verein aufzul\u00f6sen, ist eine Mehrheit von zwei Dritteln der anwesenden Mitglieder erforderlich. Eine satzungsgem\u00e4\u00df einberufene Mitgliederversammlung ist grunds\u00e4tzlich beschlussf\u00e4hig, die Anzahl der anwesenden Stimmen ist dann unwesentlich.<\/p>\n\n\n\n<p>(5) \u00dcber den Verlauf der Mitgliederversammlung ist eine Niederschrift anzufertigen, die vom\/von der Vorsitzenden unterzeichnet wird.<\/p>\n\n\n\n<p><strong>\u00a7 11 &nbsp;&nbsp;&nbsp; Vorstand<\/strong><\/p>\n\n\n\n<p>(1) Dem Vorstand obliegt die Leitung des Vereins nach Ma\u00dfgabe der Beschl\u00fcsse der Mitgliederversammlung. Insbesondere entscheidet er \u00fcber die Verwendung der Beitr\u00e4ge, Spenden und sonstige Einnahmen. Er soll hierzu die Vorschl\u00e4ge der Erzieher und der Elternvertreter einholen.<\/p>\n\n\n\n<p>(2) Der Vorstand im Sinne des \u00a726 BGB besteht aus:<\/p>\n\n\n\n<ol type=\"a\">\n<li>dem\/der Vorsitzenden<\/li>\n<\/ol>\n\n\n\n<p>Der\/die Vorsitzende vertritt den Verein gerichtlich und au\u00dfergerichtlich. Er ist alleine vertretungsberechtigt.<\/p>\n\n\n\n<p>(3) Der erweiterte Vorstand besteht aus:<\/p>\n\n\n\n<ol type=\"a\">\n<li>den unter (2) genannten Vorstandsmitgliedern,<\/li>\n\n\n\n<li>2 Beisitzern.<br><\/li>\n<\/ol>\n\n\n\n<p>(4) Der Vorstand wird f\u00fcr zwei Jahre gew\u00e4hlt und bleibt bis zu seiner Neuwahl im Amt. Eine Wiederwahl ist m\u00f6glich. Vorstandsmitglieder k\u00f6nnen nur Mitglieder des Vereins werden. F\u00fcr ein w\u00e4hrend der Amtszeit ausgeschiedenes Vorstandsmitglied kann der Vorstand bis zur n\u00e4chsten Mitgliederversammlung eine\/n kommissarische\/n Nachfolger\/in benennen.<\/p>\n\n\n\n<p>(5) Der Vorstand ist vom Vorsitzenden mindestens einmal im Jahr zu einer Vorstandssitzung einzuberufen.<\/p>\n\n\n\n<p>(6) Der Vorstand ist ehrenamtlich t\u00e4tig.<\/p>\n\n\n\n<p>(7) Beschlussfassungen im Vorstand erfolgen mit einfacher Stimmenmehrheit. Bei Stimmengleichheit entscheidet die Stimme des Vorsitzenden. \u00dcber die Sitzungen ist ein Protokoll anzufertigen.<\/p>\n\n\n\n<p><strong>\u00a7 12 &nbsp;&nbsp;&nbsp; Kassenpr\u00fcfung<\/strong><\/p>\n\n\n\n<p>(1) Die Mitgliederversammlung w\u00e4hlt f\u00fcr die Dauer von einem Jahr eine\/n Kassenpr\u00fcfer\/in. Diese\/r darf nicht Mitglied des Vorstands sein. Eine Wiederwahl ist zul\u00e4ssig.<\/p>\n\n\n\n<p><strong>\u00a7 13 &nbsp;&nbsp;&nbsp; Aufl\u00f6sung des Vereins<\/strong><\/p>\n\n\n\n<p>(1) Bei Aufl\u00f6sung des Vereins oder bei Wegfall steuerbeg\u00fcnstigter Zwecke, f\u00e4llt das Verm\u00f6gen an eine juristische Person des \u00f6ffentlichen Rechts oder eine andere steuerbeg\u00fcnstigte K\u00f6rperschaft zwecks Verwendung f\u00fcr die F\u00f6rderung der Jugendhilfe.<\/p>\n\n\n\n<p><strong>\u00a7 14 &nbsp;&nbsp;&nbsp; G\u00fcltigkeit dieser Satzung, Schlussbestimmungen<\/strong><\/p>\n\n\n\n<p>(1) Diese Satzung ist am 14.07.2016 bei der Gr\u00fcndung des Vereins einstimmig beschlossen worden. Sie tritt mit der Eintragung des Vereins ins Vereinsregister in Kraft.<\/p>\n\n\n\n<p>Altenstadt, den 14.07.2016<\/p>\n\n\n\n<p><br><\/p>\n\n\n\n<p><\/p>\n","protected":false},"excerpt":{"rendered":"<p>\u00a7 1&nbsp;&nbsp;&nbsp;&nbsp;&nbsp;&nbsp; Name und Sitz (1) Der Verein f\u00fchrt den Namen \u201eF\u00f6rderverein der KiTa L\u00f6wenzahn [&hellip;]<\/p>\n","protected":false},"author":1,"featured_media":0,"parent":0,"menu_order":0,"comment_status":"closed","ping_status":"closed","template":"","meta":[],"_links":{"self":[{"href":"https:\/\/loewenzahn.support\/index.php?rest_route=\/wp\/v2\/pages\/27"}],"collection":[{"href":"https:\/\/loewenzahn.support\/index.php?rest_route=\/wp\/v2\/pages"}],"about":[{"href":"https:\/\/loewenzahn.support\/index.php?rest_route=\/wp\/v2\/types\/page"}],"author":[{"embeddable":true,"href":"https:\/\/loewenzahn.support\/index.php?rest_route=\/wp\/v2\/users\/1"}],"replies":[{"embeddable":true,"href":"https:\/\/loewenzahn.support\/index.php?rest_route=%2Fwp%2Fv2%2Fcomments&post=27"}],"version-history":[{"count":4,"href":"https:\/\/loewenzahn.support\/index.php?rest_route=\/wp\/v2\/pages\/27\/revisions"}],"predecessor-version":[{"id":91,"href":"https:\/\/loewenzahn.support\/index.php?rest_route=\/wp\/v2\/pages\/27\/revisions\/91"}],"wp:attachment":[{"href":"https:\/\/loewenzahn.support\/index.php?rest_route=%2Fwp%2Fv2%2Fmedia&parent=27"}],"curies":[{"name":"wp","href":"https:\/\/api.w.org\/{rel}","templated":true}]}}